{"id":777,"date":"2018-10-09T13:49:11","date_gmt":"2018-10-09T13:49:11","guid":{"rendered":"http:\/\/jthemes.org\/wp\/genemy\/creative\/?page_id=777"},"modified":"2019-06-03T14:30:03","modified_gmt":"2019-06-03T12:30:03","slug":"sluzby","status":"publish","type":"page","link":"https:\/\/quazar.sk\/?page_id=777","title":{"rendered":"Slu\u017eby"},"content":{"rendered":"<p>[vc_section parallax=&#8220;content-moving&#8220; parallax_image=&#8220;https:\/\/quazar.sk\/wp-content\/uploads\/2018\/11\/sluzby_kvalitna_elektro_instalacia_quazar.jpg&#8220; padding_class=&#8220;wide-100&#8243; bg_class=&#8220;bg-tra&#8220; parallax_image_repeat=&#8220;&#8220; parallax_image_position=&#8220;50{c565429b89e3fa96bba057273e03bd28886c820e801c600fb7ca81f549b085d6} 0&#8243; parallax_image_attachment=&#8220;fixed&#8220;][vc_row][vc_column][genemy_banner name=&#8220;Komplexn\u00e9 slu\u017eby v oblasti elektroin\u0161tala\u010dn\u00fdch pr\u00e1c&#8220; title=&#8220;Ak\u00e9 slu\u017eby {poskytujeme}?&#8220; subtitle=&#8220;&#8220;][\/vc_column][\/vc_row][vc_row][vc_column width=&#8220;1\/2&#8243;][vc_column_text]<\/p>\n<ul>\n<li>Elektroin\u0161tal\u00e1cie bytov, domov, kancel\u00e1ri\u00ed, administrat\u00edvnych budov, v\u00fdrobn\u00fdch h\u00e1l\u2026<\/li>\n<li>Inteligentn\u00e9 elektroin\u0161tal\u00e1cie<\/li>\n<li>Mont\u00e1\u017e z\u00e1suviek, vyp\u00edna\u010dov<\/li>\n<li>Mont\u00e1\u017e internetov\u00fdch a d\u00e1tov\u00fdch siet\u00ed<\/li>\n<li>Mont\u00e1\u017e elektrospotrebi\u010dov<\/li>\n<li>Rev\u00edzne spr\u00e1vy (odborn\u00e9 prehliadky a sk\u00fa\u0161ky)<\/li>\n<li>VN a NN pr\u00edpojky<\/li>\n<li>Rozv\u00e1dza\u010de<\/li>\n<li>K\u00e1blov\u00e9 rozvody<\/li>\n<li>Mont\u00e1\u017e vonkaj\u0161ieho a vn\u00fatorn\u00e9ho osvetlenia<\/li>\n<li>Koncov\u00e9 prvky<\/li>\n<li>Z\u00e1lo\u017en\u00e9 prvky pre n\u00fadzov\u00e9 nap\u00e1janie<\/li>\n<\/ul>\n<p>[\/vc_column_text][\/vc_column][vc_column width=&#8220;1\/2&#8243;][vc_column_text]<\/p>\n<ul>\n<li>Bleskozvody (akt\u00edvne, pas\u00edvne)<\/li>\n<li>Elektrick\u00e9 podlahov\u00e9 vykurovanie<\/li>\n<li>Syst\u00e9m inteligentn\u00e9ho ovl\u00e1dania budov<\/li>\n<li>Kamerov\u00e9 syst\u00e9my (CCTV, IPTV)<\/li>\n<li>Elektrick\u00e1 po\u017eiarna signaliz\u00e1cia (EPS)<\/li>\n<li>Po\u017eiarny evakua\u010dn\u00fd rozhlas (PER)<\/li>\n<li>Elektrick\u00e1 zabezpe\u010dovacia signaliz\u00e1cia (EZS)<\/li>\n<li>Identifika\u010dn\u00e9 syst\u00e9my \/ doch\u00e1dzkov\u00e9 syst\u00e9my<\/li>\n<li>\u0160trukturovan\u00e1 kabel\u00e1\u017e<\/li>\n<li>Perimetrick\u00e1 ochrana<\/li>\n<li>Syst\u00e9m satelitnej telev\u00edzie<\/li>\n<li>Dod\u00e1vka a mont\u00e1\u017e audio\/video dom\u00e1cich vr\u00e1tnikov\/zvon\u010dekov<\/li>\n<\/ul>\n<p>[\/vc_column_text][\/vc_column][\/vc_row][\/vc_section][vc_section css=&#8220;.vc_custom_1542490110080{background-image: url(https:\/\/quazar.sk\/wp-content\/uploads\/2018\/11\/vyhody_elektro_quazar.jpg?id=1142) !important;background-position: center !important;background-repeat: no-repeat !important;background-size: cover !important;}&#8220;][vc_row][vc_column css=&#8220;.vc_custom_1559565000605{background-color: rgba(244,244,244,0.25) !important;*background-color: rgb(244,244,244) !important;}&#8220;][genemy_text_box digit=&#8220;&#8220; title=&#8220;{Elektrick\u00e9 pr\u00edpojky NN}&#8220; subtitle=&#8220;Realiz\u00e1cia pr\u00edpojky NN si rovnako ako in\u00e9 elektroin\u0161tal\u00e1cie vy\u017eaduje \u00favodn\u00fd odborn\u00fd projekt, splnenie krit\u00e9ri\u00ed a pr\u00edslu\u0161n\u00fdch noriem, ako aj z\u00e1vere\u010dn\u00fa rev\u00edziu preveden\u00fa rev\u00edznym technikom. Nako\u013eko ide o \u010derpanie energie z verejn\u00e9ho zdroja, elektrick\u00e1 pr\u00edpojka mus\u00ed by\u0165 verejne pr\u00edstupn\u00e1 \u2013 v\u00e4\u010d\u0161inou umiestnen\u00e1 vo fas\u00e1de objektu \u010di plota, a tak kedyko\u013evek kontrolovate\u013en\u00e1. In\u0161tal\u00e1ciu pr\u00edpojky NN V\u00e1m s rados\u0165ou zrealizujeme.&#8220; css_animation=&#8220;fadeInUp&#8220; animation_delay=&#8220;100&#8243;][genemy_text_box digit=&#8220;&#8220; title=&#8220;{Bytov\u00e9 in\u0161tal\u00e1cie}&#8220; subtitle=&#8220;Ka\u017ed\u00e1 in\u0161tal\u00e1cia je jedine\u010dn\u00e1 z h\u013eadiska funk\u010dnosti a dizajnu, av\u0161ak v\u0161etky in\u0161tal\u00e1cie sp\u00e1ja vysok\u00fd u\u017e\u00edvate\u013esk\u00fd komfort a \u0161etrenie energie. Ochotne V\u00e1m porad\u00edme pri v\u00fdbere syst\u00e9mu, ktor\u00fd bude optimalizovan\u00fd na konkr\u00e9tne podmienky a Va\u0161e po\u017eiadavky bytovej in\u0161tal\u00e1cie.&#8220; css_animation=&#8220;fadeInUp&#8220; animation_delay=&#8220;100&#8243;][genemy_text_box digit=&#8220;&#8220; title=&#8220;{Priemyseln\u00e9 in\u0161tal\u00e1cie}&#8220; subtitle=&#8220;V r\u00e1mci priemyselnej elektroin\u0161tal\u00e1cie poskytujeme komplexn\u00e9 slu\u017eby v r\u00f4znych nap\u00e4\u0165ov\u00fdch hladin\u00e1ch. M\u00e1me bohat\u00e9 sk\u00fasenosti s ich realiz\u00e1ciami a pon\u00fakame: dod\u00e1vka a mont\u00e1\u017e k\u00e1blov\u00fdch tr\u00e1s, v\u00fdroba, mont\u00e1\u017e a rekon\u0161trukcia nn rozv\u00e1dza\u010dov s kompletn\u00fdm vybaven\u00edm, odborn\u00e9 prehliadky a odborn\u00e9 sk\u00fa\u0161ky elektrick\u00fdch zariaden\u00ed.&#8220; css_animation=&#8220;fadeInUp&#8220; animation_delay=&#8220;100&#8243;][genemy_text_box digit=&#8220;&#8220; title=&#8220;{Inteligentn\u00e9 in\u0161tal\u00e1cie}&#8220; subtitle=&#8220;Inteligentn\u00e9 in\u0161tal\u00e1cie smeruj\u00fa m\u00ed\u013eov\u00fdmi krokmi vpred a st\u00e1vaj\u00fa sa s\u00fa\u010das\u0165ou mnoh\u00fdch rodinn\u00fdch domov, bytov \u010di administrat\u00edvnych budov. Ich cie\u013eom je zefekt\u00edvni\u0165 fungovanie dom\u00e1cnosti alebo firmy a v\u010faka vhodn\u00e9mu nastaveniu m\u00f4\u017eu u\u0161etri\u0165 desiatky a\u017e stovky eur ro\u010dne. V s\u00fa\u010dasnosti je v\u010faka inteligentn\u00fdm in\u0161tal\u00e1ci\u00e1m mo\u017en\u00e9 ovl\u00e1da\u0165 osvetlenie, vykurovanie, zabezpe\u010dovacie syst\u00e9my, br\u00e1ny, chladiace a vykurovacie syst\u00e9my, multim\u00e9di\u00e1, ale aj \u017eal\u00fazie \u010di dom\u00e1ce spotrebi\u010de. Bezpe\u010dnos\u0165 a komfort b\u00fdvania alebo fungovanie firmy z energetick\u00e9ho a bezpe\u010dnostn\u00e9ho h\u013eadiska z\u00edskavaj\u00fa v\u010faka inteligentn\u00fdm in\u0161tal\u00e1ci\u00e1m \u00faplne nov\u00fd rozmer.&#8220; css_animation=&#8220;fadeInUp&#8220; animation_delay=&#8220;100&#8243;][genemy_text_box digit=&#8220;&#8220; title=&#8220;{Bleskozvody}&#8220; subtitle=&#8220;Bleskozvody, hromozvody, vonkaj\u0161ia ochrana pred bleskom alebo vonkaj\u0161\u00ed syst\u00e9m ochrany pred bleskom je zariadenie na ochranu stavebn\u00fdch objektov a toho, \u010do je v nich, pred nebezpe\u010dn\u00fdmi \u00fa\u010dinkami atmosf\u00e9rick\u00fdch v\u00fdbojov (bleskov) ich zveden\u00edm do zeme. Pon\u00fakame V\u00e1m vyrie\u0161enie ochrany Va\u0161ej budovy, objektu pred \u00fa\u010dinkami blesku, \u010di u\u017e sa jedn\u00e1 o novostavbu alebo o star\u0161iu budovu. Na z\u00e1klade projektovej dokument\u00e1cie V\u00e1m navrhneme technick\u00e9 rie\u0161enie, umiestnenie, uchytenie bleskozvodu, vypracovanie projektu bleskozvodu, n\u00e1sledn\u00fa mont\u00e1\u017e bleskozvodu a vypracovanie rev\u00edznej spr\u00e1vy (odbornej prehliadky a odbornej sk\u00fa\u0161ky) bleskozvodu.&#8220; css_animation=&#8220;fadeInUp&#8220; animation_delay=&#8220;100&#8243;][genemy_text_box digit=&#8220;&#8220; title=&#8220;{Verejn\u00e9 osvetlenie}&#8220; subtitle=&#8220;Obyvatelia \u017eiadaj\u00fa bezpe\u010dnos\u0165 na uliciach, dobr\u00e9 osvetlenie chodn\u00edkov a ciest. Vo viacer\u00fdch krajin\u00e1ch je zabezpe\u010denie bezpe\u010dnosti dan\u00e9 z\u00e1konom. Sie\u0165 verejn\u00e9ho osvetlenia je jednou z najkomplexnej\u0161\u00edch a priestorovo najn\u00e1ro\u010dnej\u0161\u00edch elektrotechnick\u00fdch in\u0161tal\u00e1ci\u00ed, ktor\u00e1 je na jednej strane trvale sledovan\u00e1 verejnos\u0165ou, a na strane druhej st\u00e1le sa zvy\u0161uj\u00facim po\u017eiadavk\u00e1m na \u00fasporu energie. Obr\u00e1\u0165te sa na n\u00e1s.&#8220; css_animation=&#8220;fadeInUp&#8220; animation_delay=&#8220;100&#8243;][genemy_text_box digit=&#8220;&#8220; title=&#8220;{Rev\u00edzne spr\u00e1vy}&#8220; subtitle=&#8220;Zabezpe\u010d\u00edme pre V\u00e1s rev\u00edznu spr\u00e1vu, ktor\u00e1 je p\u00edsomn\u00fdm dokladom o v\u00fdsledku rev\u00edzie. V rev\u00edznej spr\u00e1ve n\u00e1jdete skuto\u010dn\u00fd stav revidovan\u00e9ho elektrick\u00e9ho zariadenia a bleskozvodu z h\u013eadiska bezpe\u010dnosti a ochrany pred bleskom v \u010dase vykonania tejto rev\u00edzie.&#8220; animation_delay=&#8220;300&#8243;][\/vc_column][\/vc_row][\/vc_section]<\/p>\n","protected":false},"excerpt":{"rendered":"<p>[vc_section parallax=&#8220;content-moving&#8220; parallax_image=&#8220;https:\/\/quazar.sk\/wp-content\/uploads\/2018\/11\/sluzby_kvalitna_elektro_instalacia_quazar.jpg&#8220; padding_class=&#8220;wide-100&#8243; bg_class=&#8220;bg-tra&#8220; parallax_image_repeat=&#8220;&#8220; parallax_image_position=&#8220;50{c565429b89e3fa96bba057273e03bd28886c820e801c600fb7ca81f549b085d6} 0&#8243; parallax_image_attachment=&#8220;fixed&#8220;][vc_row][vc_column][genemy_banner name=&#8220;Komplexn\u00e9 slu\u017eby v oblasti elektroin\u0161tala\u010dn\u00fdch pr\u00e1c&#8220; title=&#8220;Ak\u00e9 slu\u017eby {poskytujeme}?&#8220; subtitle=&#8220;&#8220;][\/vc_column][\/vc_row][vc_row][vc_column width=&#8220;1\/2&#8243;][vc_column_text] Elektroin\u0161tal\u00e1cie bytov, domov, kancel\u00e1ri\u00ed, administrat\u00edvnych budov, v\u00fdrobn\u00fdch h\u00e1l\u2026 Inteligentn\u00e9 elektroin\u0161tal\u00e1cie Mont\u00e1\u017e z\u00e1suviek, vyp\u00edna\u010dov Mont\u00e1\u017e internetov\u00fdch a d\u00e1tov\u00fdch siet\u00ed Mont\u00e1\u017e elektrospotrebi\u010dov&#8230;<\/p>\n","protected":false},"author":1,"featured_media":0,"parent":0,"menu_order":0,"comment_status":"closed","ping_status":"closed","template":"templates\/vc-template2.php","meta":[],"aioseo_notices":[],"post_mailing_queue_ids":[],"_links":{"self":[{"href":"https:\/\/quazar.sk\/index.php?rest_route=\/wp\/v2\/pages\/777"}],"collection":[{"href":"https:\/\/quazar.sk\/index.php?rest_route=\/wp\/v2\/pages"}],"about":[{"href":"https:\/\/quazar.sk\/index.php?rest_route=\/wp\/v2\/types\/page"}],"author":[{"embeddable":true,"href":"https:\/\/quazar.sk\/index.php?rest_route=\/wp\/v2\/users\/1"}],"replies":[{"embeddable":true,"href":"https:\/\/quazar.sk\/index.php?rest_route=%2Fwp%2Fv2%2Fcomments&post=777"}],"version-history":[{"count":27,"href":"https:\/\/quazar.sk\/index.php?rest_route=\/wp\/v2\/pages\/777\/revisions"}],"predecessor-version":[{"id":1405,"href":"https:\/\/quazar.sk\/index.php?rest_route=\/wp\/v2\/pages\/777\/revisions\/1405"}],"wp:attachment":[{"href":"https:\/\/quazar.sk\/index.php?rest_route=%2Fwp%2Fv2%2Fmedia&parent=777"}],"curies":[{"name":"wp","href":"https:\/\/api.w.org\/{rel}","templated":true}]}}