{"id":68,"date":"2018-10-03T08:19:43","date_gmt":"2018-10-03T08:19:43","guid":{"rendered":"http:\/\/jthemes.org\/wp\/genemy\/creative\/?page_id=68"},"modified":"2019-11-07T00:24:29","modified_gmt":"2019-11-06T23:24:29","slug":"kontakt","status":"publish","type":"page","link":"https:\/\/quazar.sk\/?page_id=68","title":{"rendered":"Kontakt"},"content":{"rendered":"<p>[vc_row full_width=&#8220;stretch_row&#8220;][vc_column][genemy_google_map title=&#8220;Z\u00e1ti\u0161ie 10, Bratislava&#8220; latitude=&#8220;48.17403299999999&#8243; longitude=&#8220;17.138680000000022&#8243; image=&#8220;https:\/\/quazar.sk\/wp-content\/uploads\/2018\/10\/QZR-02-web-logo-floating-v01-1-e1540292254966.png&#8220;][\/vc_column][\/vc_row][vc_row][vc_column][vc_empty_space height=&#8220;60px&#8220;][genemy_section_title name=&#8220;Nap\u00ed\u0161te n\u00e1m, budeme radi&#8220; title=&#8220;Kone\u010dne sme sa na\u0161li&#8220; subtitle=&#8220;V hlavn\u00fdch \u00faloh\u00e1ch Vy a V\u00e1\u0161 projekt a my ako odborn\u00edci na elektroin\u0161tal\u00e1cie. Te\u0161te sa na poriadny happy end. Vyu\u017eite n\u00e1\u0161 kontaktn\u00fd formul\u00e1r uveden\u00fd ni\u017e\u0161ie alebo n\u00e1m priamo zavolajte. Radi V\u00e1m odpovieme na v\u0161etky ot\u00e1zky.&#8220;][\/vc_column][\/vc_row][vc_row][vc_column][vc_row_inner][vc_column_inner width=&#8220;4\/12&#8243;][genemy_contact_info title=&#8220;S\u00eddlo spolo\u010dnosti&#8220; subtitle=&#8220;QUAZAR SK s.r.o.<br \/>\nHala\u0161ova 11048\/36A<br \/>\n831 03 Bratislava<br \/>\nSlovensk\u00e1 republika<br \/>\nI\u010cO: 35 688 106<br \/>\nDI\u010c: 2020906107<br \/>\nI\u010c DPH: SK2020906107&#8243; animation_delay=&#8220;300&#8243;][genemy_contact_info title=&#8220;Kontakty&#8220; subtitle=&#8220;Riadite\u013e spolo\u010dnosti: 02\/4445 9833<br \/>\nV\u00fdkonn\u00fd riadite\u013e: 02\/4445 7018<br \/>\nTechnick\u00e1 podpora: 02\/4446 1154<br \/>\nE-mail: quazar@quazar.sk&#8220; animation_delay=&#8220;300&#8243;][genemy_contact_info title=&#8220;Pracovn\u00fd \u010das&#8220; subtitle=&#8220;Pondelok &#8211; piatok<br \/>\nod 8:00 hod. do 16:00 hod.&#8220; animation_delay=&#8220;300&#8243;][genemy_contact_info title=&#8220;Bankov\u00e9 spojenie&#8220; subtitle=&#8220;Tatra banka, a. s.<br \/>\n\u010c\u00edslo \u00fa\u010dtu: 2940052379\/1100<br \/>\nIBAN: SK10 1100 0000 0029 4005 2379<br \/>\nSWIFT: TATRSKBX&#8220; animation_delay=&#8220;300&#8243;][\/vc_column_inner][vc_column_inner width=&#8220;8\/12&#8243;]<div role=\"form\" class=\"wpcf7\" id=\"wpcf7-f574-o1\" lang=\"en-US\" dir=\"ltr\">\n<div class=\"screen-reader-response\"><p role=\"status\" aria-live=\"polite\" aria-atomic=\"true\"><\/p> <ul><\/ul><\/div>\n<form action=\"\/index.php?rest_route=%2Fwp%2Fv2%2Fpages%2F68#wpcf7-f574-o1\" method=\"post\" class=\"wpcf7-form init\" novalidate=\"novalidate\" data-status=\"init\">\n<div style=\"display: none;\">\n<input type=\"hidden\" name=\"_wpcf7\" value=\"574\" \/>\n<input type=\"hidden\" name=\"_wpcf7_version\" value=\"5.4.2\" \/>\n<input type=\"hidden\" name=\"_wpcf7_locale\" value=\"en_US\" \/>\n<input type=\"hidden\" name=\"_wpcf7_unit_tag\" value=\"wpcf7-f574-o1\" \/>\n<input type=\"hidden\" name=\"_wpcf7_container_post\" value=\"0\" \/>\n<input type=\"hidden\" name=\"_wpcf7_posted_data_hash\" value=\"\" \/>\n<\/div>\n<div class=\"form-holder ind-20\">\n<div  class=\"row contact-form contact-form-2\">\n<div id=\"input-name\" class=\"col-lg-6\"><span class=\"wpcf7-form-control-wrap your-name\"><input type=\"text\" name=\"your-name\" value=\"\" size=\"40\" class=\"wpcf7-form-control wpcf7-text wpcf7-validates-as-required form-control name\" aria-required=\"true\" aria-invalid=\"false\" placeholder=\"Meno a priezvisko \/ N\u00e1zov spolo\u010dnosti\" \/><\/span><\/div>\n<div id=\"input-email\" class=\"col-lg-6\"><span class=\"wpcf7-form-control-wrap your-email\"><input type=\"email\" name=\"your-email\" value=\"\" size=\"40\" class=\"wpcf7-form-control wpcf7-text wpcf7-email wpcf7-validates-as-required wpcf7-validates-as-email form-control email\" aria-required=\"true\" aria-invalid=\"false\" placeholder=\"E-mailov\u00e1 adresa\" \/><\/span><\/div>\n<div id=\"input-subject\" class=\"col-lg-12\"><span class=\"wpcf7-form-control-wrap your-subject\"><input type=\"text\" name=\"your-subject\" value=\"\" size=\"40\" class=\"wpcf7-form-control wpcf7-text form-control subject\" aria-invalid=\"false\" placeholder=\"Predmet\" \/><\/span><\/div>\n<div id=\"input-message\" class=\"col-lg-12 input-message\"><span class=\"wpcf7-form-control-wrap message\"><textarea name=\"message\" cols=\"40\" rows=\"10\" class=\"wpcf7-form-control wpcf7-textarea wpcf7-validates-as-required form-control message\" aria-required=\"true\" aria-invalid=\"false\" placeholder=\"Spr\u00e1va...\"><\/textarea><\/span><\/div>\n<div class=\"col-lg-12 m-top-10 form-btn\"><button type=\"submit\" class=\"btn btn-md submit btn-arrow wpcf7-form-control wpcf7-submit\"><span>Odosla\u0165 spr\u00e1vu <i class=\"fas fa-angle-double-right\"><\/i><\/span><\/button><\/div>\n<div class=\"col-lg-12 contact-form-msg\">\n<div class=\"wpcf7-response-output\" aria-hidden=\"true\"><\/div>\n<\/div>\n<\/div>\n<\/div>\n<p style=\"display: none !important;\" class=\"akismet-fields-container\" data-prefix=\"_wpcf7_ak_\"><label>&#916;<textarea name=\"_wpcf7_ak_hp_textarea\" cols=\"45\" rows=\"8\" maxlength=\"100\"><\/textarea><\/label><input type=\"hidden\" id=\"ak_js_1\" name=\"_wpcf7_ak_js\" value=\"145\"\/><script>document.getElementById( \"ak_js_1\" ).setAttribute( \"value\", ( new Date() ).getTime() );<\/script><\/p><div class=\"inv-recaptcha-holder\"><\/div><\/form><\/div>[\/vc_column_inner][\/vc_row_inner][\/vc_column][\/vc_row][vc_row][vc_column][vc_separator][genemy_call_to_action title=&#8220;V\u00fdpis z Obchodn\u00e9ho registra&#8220; lead_text=&#8220;&#8220; subtitle=&#8220;&#8220; params=&#8220;%5B%7B%22icon%22%3A%22fa%20fa-angle-double-right%22%2C%22button_text%22%3A%22Zobrazi%C5%A5%22%2C%22button_url%22%3A%22http%3A%2F%2Fwww.orsr.sk%2Fvypis.asp%3FID%3D12855%26SID%3D2%26P%3D0%22%2C%22button_target%22%3A%22_blank%22%2C%22button_style%22%3A%22btn-red%22%7D%5D&#8220;][\/vc_column][\/vc_row]<\/p>\n","protected":false},"excerpt":{"rendered":"<p>[vc_row full_width=&#8220;stretch_row&#8220;][vc_column][genemy_google_map title=&#8220;Z\u00e1ti\u0161ie 10, Bratislava&#8220; latitude=&#8220;48.17403299999999&#8243; longitude=&#8220;17.138680000000022&#8243; image=&#8220;https:\/\/quazar.sk\/wp-content\/uploads\/2018\/10\/QZR-02-web-logo-floating-v01-1-e1540292254966.png&#8220;][\/vc_column][\/vc_row][vc_row][vc_column][vc_empty_space height=&#8220;60px&#8220;][genemy_section_title name=&#8220;Nap\u00ed\u0161te n\u00e1m, budeme radi&#8220; title=&#8220;Kone\u010dne sme sa na\u0161li&#8220; subtitle=&#8220;V hlavn\u00fdch \u00faloh\u00e1ch Vy a V\u00e1\u0161 projekt a my ako odborn\u00edci na elektroin\u0161tal\u00e1cie. Te\u0161te sa na poriadny happy end. Vyu\u017eite n\u00e1\u0161 kontaktn\u00fd formul\u00e1r&#8230;<\/p>\n","protected":false},"author":1,"featured_media":0,"parent":0,"menu_order":0,"comment_status":"closed","ping_status":"closed","template":"","meta":[],"aioseo_notices":[],"post_mailing_queue_ids":[],"_links":{"self":[{"href":"https:\/\/quazar.sk\/index.php?rest_route=\/wp\/v2\/pages\/68"}],"collection":[{"href":"https:\/\/quazar.sk\/index.php?rest_route=\/wp\/v2\/pages"}],"about":[{"href":"https:\/\/quazar.sk\/index.php?rest_route=\/wp\/v2\/types\/page"}],"author":[{"embeddable":true,"href":"https:\/\/quazar.sk\/index.php?rest_route=\/wp\/v2\/users\/1"}],"replies":[{"embeddable":true,"href":"https:\/\/quazar.sk\/index.php?rest_route=%2Fwp%2Fv2%2Fcomments&post=68"}],"version-history":[{"count":38,"href":"https:\/\/quazar.sk\/index.php?rest_route=\/wp\/v2\/pages\/68\/revisions"}],"predecessor-version":[{"id":1431,"href":"https:\/\/quazar.sk\/index.php?rest_route=\/wp\/v2\/pages\/68\/revisions\/1431"}],"wp:attachment":[{"href":"https:\/\/quazar.sk\/index.php?rest_route=%2Fwp%2Fv2%2Fmedia&parent=68"}],"curies":[{"name":"wp","href":"https:\/\/api.w.org\/{rel}","templated":true}]}}